{"id":331,"date":"2024-05-11T10:56:04","date_gmt":"2024-05-11T10:56:04","guid":{"rendered":"https:\/\/tonspuren.org\/?page_id=331"},"modified":"2024-07-17T09:24:04","modified_gmt":"2024-07-17T09:24:04","slug":"otto-lechner-friends","status":"publish","type":"page","link":"https:\/\/tonspuren.org\/?page_id=331","title":{"rendered":"Otto Lechner &amp; Friends"},"content":{"rendered":"\t\t<div data-elementor-type=\"wp-page\" data-elementor-id=\"331\" class=\"elementor elementor-331\">\n\t\t\t\t<div class=\"elementor-element elementor-element-b1078ba e-flex e-con-boxed e-con e-parent\" data-id=\"b1078ba\" data-element_type=\"container\" data-e-type=\"container\">\n\t\t\t\t\t<div class=\"e-con-inner\">\n\t\t<div class=\"elementor-element elementor-element-7df59c7 e-con-full e-flex e-con e-child\" data-id=\"7df59c7\" data-element_type=\"container\" data-e-type=\"container\">\n\t\t\t\t<div class=\"elementor-element elementor-element-4d771f4 elementor-widget elementor-widget-image\" data-id=\"4d771f4\" data-element_type=\"widget\" data-e-type=\"widget\" data-widget_type=\"image.default\">\n\t\t\t\t<div class=\"elementor-widget-container\">\n\t\t\t\t\t\t\t\t\t\t\t\t\t\t\t<img fetchpriority=\"high\" decoding=\"async\" width=\"620\" height=\"351\" src=\"https:\/\/tonspuren.org\/wp-content\/uploads\/2024\/05\/Otto-Lechner.webp\" class=\"attachment-large size-large wp-image-81\" alt=\"\" srcset=\"https:\/\/tonspuren.org\/wp-content\/uploads\/2024\/05\/Otto-Lechner.webp 620w, https:\/\/tonspuren.org\/wp-content\/uploads\/2024\/05\/Otto-Lechner-300x170.webp 300w\" sizes=\"(max-width: 620px) 100vw, 620px\" \/>\t\t\t\t\t\t\t\t\t\t\t\t\t\t\t<\/div>\n\t\t\t\t<\/div>\n\t\t\t\t<\/div>\n\t\t<div class=\"elementor-element elementor-element-af56d6c e-con-full e-flex e-con e-child\" data-id=\"af56d6c\" data-element_type=\"container\" data-e-type=\"container\">\n\t\t\t\t<div class=\"elementor-element elementor-element-3cd8e8ca elementor-widget__width-initial elementor-widget elementor-widget-text-editor\" data-id=\"3cd8e8ca\" data-element_type=\"widget\" data-e-type=\"widget\" data-widget_type=\"text-editor.default\">\n\t\t\t\t<div class=\"elementor-widget-container\">\n\t\t\t\t\t\t\t\t\t<p><\/p>\n<p><span style=\"color: #ffffff;\">Otto Lechner, &#8222;BLUE&#8220; mit&nbsp;<\/span><span style=\"font-family: Calibri, sans-serif; font-size: 12pt; color: var( --e-global-color-text ); font-weight: var( --e-global-typography-text-font-weight ); text-align: var(--text-align);\">Georg Graf am Saxophon und Andi Hadl am Kontrabass.<br><\/span><span style=\"color: #ffffff; font-family: var( --e-global-typography-text-font-family ), Sans-serif; font-weight: var( --e-global-typography-text-font-weight ); text-align: var(--text-align);\">Er revolutioniert das Image des Akkordeons mit seinen experimentellen und einzigartigen Kompositionen. Als leidenschaftlicher Musiker lebt er f\u00fcr sein Instrument und hat sich einen Ruf f\u00fcr manchmal verr\u00fcckte Kreationen erworben. Seine Musik zeichnet sich durch l\u00e4ndliche Stimmungen aus, die scheinbar verloren gegangen sind, und nimmt die H\u00f6rer mit auf eine Reise zu unbekannten Orten, begleitet von einem vertrauten Gef\u00fchl.<\/span><\/p>\n<p><span style=\"color: #ffffff;\"><\/span><\/p>\n<p><span style=\"color: #ffffff;\">Sein Spiel verwandelt die Ziehharmonika in einen magischen Kasten mit entr\u00fcckenden Resonanzen. Von Glass-inspirierten Melodien bis zu monumentalen Tonfolgen, von chassidischen Walzern bis zu jazzigen Wienerliedern.<br>Lechner schafft eine untrennbare Verbindung zwischen Stimme und Klang seines Instruments. <br>Der Standard beschreibt diese Fusion als eine unverwechselbare Verschmelzung von Stimme und Klang, die die Ziehharmonika in einen zauberhaften Resonanzk\u00f6rper verwandelt.<\/span><\/p>\n<p><\/p>\t\t\t\t\t\t\t\t<\/div>\n\t\t\t\t<\/div>\n\t\t\t\t<\/div>\n\t\t\t\t\t<\/div>\n\t\t\t\t<\/div>\n\t\t\t\t<\/div>\n\t\t","protected":false},"excerpt":{"rendered":"<p>Otto Lechner, &#8222;BLUE&#8220; mit&nbsp;Georg Graf am Saxophon und Andi Hadl am Kontrabass.Er revolutioniert das Image des Akkordeons mit seinen.<\/p>\n","protected":false},"author":1,"featured_media":0,"parent":0,"menu_order":0,"comment_status":"closed","ping_status":"closed","template":"","meta":{"footnotes":""},"class_list":["post-331","page","type-page","status-publish","hentry"],"yoast_head":"<!-- This site is optimized with the Yoast SEO plugin v27.5 - https:\/\/yoast.com\/product\/yoast-seo-wordpress\/ -->\n<title>Otto Lechner &amp; Friends - TONSPUREN 2026<\/title>\n<meta name=\"robots\" content=\"index, follow, max-snippet:-1, max-image-preview:large, max-video-preview:-1\" \/>\n<link rel=\"canonical\" href=\"https:\/\/tonspuren.org\/?page_id=331\" \/>\n<meta property=\"og:locale\" content=\"de_DE\" \/>\n<meta property=\"og:type\" content=\"article\" \/>\n<meta property=\"og:title\" content=\"Otto Lechner &amp; Friends - TONSPUREN 2026\" \/>\n<meta property=\"og:description\" content=\"Otto Lechner, &#8222;BLUE&#8220; mit&nbsp;Georg Graf am Saxophon und Andi Hadl am Kontrabass.Er revolutioniert das Image des Akkordeons mit seinen.\" \/>\n<meta property=\"og:url\" content=\"https:\/\/tonspuren.org\/?page_id=331\" \/>\n<meta property=\"og:site_name\" content=\"TONSPUREN 2026\" \/>\n<meta property=\"article:publisher\" content=\"https:\/\/www.facebook.com\/profile.php?id=61550600819924&amp;locale=de_DE\" \/>\n<meta property=\"article:modified_time\" content=\"2024-07-17T09:24:04+00:00\" \/>\n<meta property=\"og:image\" content=\"https:\/\/tonspuren.org\/wp-content\/uploads\/2024\/05\/Otto-Lechner.webp\" \/>\n<meta name=\"twitter:card\" content=\"summary_large_image\" \/>\n<meta name=\"twitter:label1\" content=\"Gesch\u00e4tzte Lesezeit\" \/>\n\t<meta name=\"twitter:data1\" content=\"1 Minute\" \/>\n<script type=\"application\/ld+json\" class=\"yoast-schema-graph\">{\"@context\":\"https:\\\/\\\/schema.org\",\"@graph\":[{\"@type\":\"WebPage\",\"@id\":\"https:\\\/\\\/tonspuren.org\\\/?page_id=331\",\"url\":\"https:\\\/\\\/tonspuren.org\\\/?page_id=331\",\"name\":\"Otto Lechner &amp; Friends - TONSPUREN 2026\",\"isPartOf\":{\"@id\":\"https:\\\/\\\/tonspuren.org\\\/#website\"},\"primaryImageOfPage\":{\"@id\":\"https:\\\/\\\/tonspuren.org\\\/?page_id=331#primaryimage\"},\"image\":{\"@id\":\"https:\\\/\\\/tonspuren.org\\\/?page_id=331#primaryimage\"},\"thumbnailUrl\":\"https:\\\/\\\/tonspuren.org\\\/wp-content\\\/uploads\\\/2024\\\/05\\\/Otto-Lechner.webp\",\"datePublished\":\"2024-05-11T10:56:04+00:00\",\"dateModified\":\"2024-07-17T09:24:04+00:00\",\"breadcrumb\":{\"@id\":\"https:\\\/\\\/tonspuren.org\\\/?page_id=331#breadcrumb\"},\"inLanguage\":\"de-AT\",\"potentialAction\":[{\"@type\":\"ReadAction\",\"target\":[\"https:\\\/\\\/tonspuren.org\\\/?page_id=331\"]}]},{\"@type\":\"ImageObject\",\"inLanguage\":\"de-AT\",\"@id\":\"https:\\\/\\\/tonspuren.org\\\/?page_id=331#primaryimage\",\"url\":\"https:\\\/\\\/tonspuren.org\\\/wp-content\\\/uploads\\\/2024\\\/05\\\/Otto-Lechner.webp\",\"contentUrl\":\"https:\\\/\\\/tonspuren.org\\\/wp-content\\\/uploads\\\/2024\\\/05\\\/Otto-Lechner.webp\",\"width\":620,\"height\":351},{\"@type\":\"BreadcrumbList\",\"@id\":\"https:\\\/\\\/tonspuren.org\\\/?page_id=331#breadcrumb\",\"itemListElement\":[{\"@type\":\"ListItem\",\"position\":1,\"name\":\"Startseite\",\"item\":\"https:\\\/\\\/tonspuren.org\\\/\"},{\"@type\":\"ListItem\",\"position\":2,\"name\":\"Otto Lechner &amp; Friends\"}]},{\"@type\":\"WebSite\",\"@id\":\"https:\\\/\\\/tonspuren.org\\\/#website\",\"url\":\"https:\\\/\\\/tonspuren.org\\\/\",\"name\":\"TONSPUREN 2024\",\"description\":\"Verein zur F\u00f6rderung von Kunst und Kultur\",\"publisher\":{\"@id\":\"https:\\\/\\\/tonspuren.org\\\/#organization\"},\"potentialAction\":[{\"@type\":\"SearchAction\",\"target\":{\"@type\":\"EntryPoint\",\"urlTemplate\":\"https:\\\/\\\/tonspuren.org\\\/?s={search_term_string}\"},\"query-input\":{\"@type\":\"PropertyValueSpecification\",\"valueRequired\":true,\"valueName\":\"search_term_string\"}}],\"inLanguage\":\"de-AT\"},{\"@type\":\"Organization\",\"@id\":\"https:\\\/\\\/tonspuren.org\\\/#organization\",\"name\":\"TONSPUREN 2024\",\"url\":\"https:\\\/\\\/tonspuren.org\\\/\",\"logo\":{\"@type\":\"ImageObject\",\"inLanguage\":\"de-AT\",\"@id\":\"https:\\\/\\\/tonspuren.org\\\/#\\\/schema\\\/logo\\\/image\\\/\",\"url\":\"https:\\\/\\\/tonspuren.org\\\/wp-content\\\/uploads\\\/2024\\\/05\\\/Dein-Abschnittstext.png\",\"contentUrl\":\"https:\\\/\\\/tonspuren.org\\\/wp-content\\\/uploads\\\/2024\\\/05\\\/Dein-Abschnittstext.png\",\"width\":1748,\"height\":1240,\"caption\":\"TONSPUREN 2024\"},\"image\":{\"@id\":\"https:\\\/\\\/tonspuren.org\\\/#\\\/schema\\\/logo\\\/image\\\/\"},\"sameAs\":[\"https:\\\/\\\/www.facebook.com\\\/profile.php?id=61550600819924&locale=de_DE\"]}]}<\/script>\n<!-- \/ Yoast SEO plugin. -->","yoast_head_json":{"title":"Otto Lechner &amp; Friends - TONSPUREN 2026","robots":{"index":"index","follow":"follow","max-snippet":"max-snippet:-1","max-image-preview":"max-image-preview:large","max-video-preview":"max-video-preview:-1"},"canonical":"https:\/\/tonspuren.org\/?page_id=331","og_locale":"de_DE","og_type":"article","og_title":"Otto Lechner &amp; Friends - TONSPUREN 2026","og_description":"Otto Lechner, &#8222;BLUE&#8220; mit&nbsp;Georg Graf am Saxophon und Andi Hadl am Kontrabass.Er revolutioniert das Image des Akkordeons mit seinen.","og_url":"https:\/\/tonspuren.org\/?page_id=331","og_site_name":"TONSPUREN 2026","article_publisher":"https:\/\/www.facebook.com\/profile.php?id=61550600819924&locale=de_DE","article_modified_time":"2024-07-17T09:24:04+00:00","og_image":[{"url":"https:\/\/tonspuren.org\/wp-content\/uploads\/2024\/05\/Otto-Lechner.webp","type":"","width":"","height":""}],"twitter_card":"summary_large_image","twitter_misc":{"Gesch\u00e4tzte Lesezeit":"1 Minute"},"schema":{"@context":"https:\/\/schema.org","@graph":[{"@type":"WebPage","@id":"https:\/\/tonspuren.org\/?page_id=331","url":"https:\/\/tonspuren.org\/?page_id=331","name":"Otto Lechner &amp; Friends - TONSPUREN 2026","isPartOf":{"@id":"https:\/\/tonspuren.org\/#website"},"primaryImageOfPage":{"@id":"https:\/\/tonspuren.org\/?page_id=331#primaryimage"},"image":{"@id":"https:\/\/tonspuren.org\/?page_id=331#primaryimage"},"thumbnailUrl":"https:\/\/tonspuren.org\/wp-content\/uploads\/2024\/05\/Otto-Lechner.webp","datePublished":"2024-05-11T10:56:04+00:00","dateModified":"2024-07-17T09:24:04+00:00","breadcrumb":{"@id":"https:\/\/tonspuren.org\/?page_id=331#breadcrumb"},"inLanguage":"de-AT","potentialAction":[{"@type":"ReadAction","target":["https:\/\/tonspuren.org\/?page_id=331"]}]},{"@type":"ImageObject","inLanguage":"de-AT","@id":"https:\/\/tonspuren.org\/?page_id=331#primaryimage","url":"https:\/\/tonspuren.org\/wp-content\/uploads\/2024\/05\/Otto-Lechner.webp","contentUrl":"https:\/\/tonspuren.org\/wp-content\/uploads\/2024\/05\/Otto-Lechner.webp","width":620,"height":351},{"@type":"BreadcrumbList","@id":"https:\/\/tonspuren.org\/?page_id=331#breadcrumb","itemListElement":[{"@type":"ListItem","position":1,"name":"Startseite","item":"https:\/\/tonspuren.org\/"},{"@type":"ListItem","position":2,"name":"Otto Lechner &amp; Friends"}]},{"@type":"WebSite","@id":"https:\/\/tonspuren.org\/#website","url":"https:\/\/tonspuren.org\/","name":"TONSPUREN 2024","description":"Verein zur F\u00f6rderung von Kunst und Kultur","publisher":{"@id":"https:\/\/tonspuren.org\/#organization"},"potentialAction":[{"@type":"SearchAction","target":{"@type":"EntryPoint","urlTemplate":"https:\/\/tonspuren.org\/?s={search_term_string}"},"query-input":{"@type":"PropertyValueSpecification","valueRequired":true,"valueName":"search_term_string"}}],"inLanguage":"de-AT"},{"@type":"Organization","@id":"https:\/\/tonspuren.org\/#organization","name":"TONSPUREN 2024","url":"https:\/\/tonspuren.org\/","logo":{"@type":"ImageObject","inLanguage":"de-AT","@id":"https:\/\/tonspuren.org\/#\/schema\/logo\/image\/","url":"https:\/\/tonspuren.org\/wp-content\/uploads\/2024\/05\/Dein-Abschnittstext.png","contentUrl":"https:\/\/tonspuren.org\/wp-content\/uploads\/2024\/05\/Dein-Abschnittstext.png","width":1748,"height":1240,"caption":"TONSPUREN 2024"},"image":{"@id":"https:\/\/tonspuren.org\/#\/schema\/logo\/image\/"},"sameAs":["https:\/\/www.facebook.com\/profile.php?id=61550600819924&locale=de_DE"]}]}},"_links":{"self":[{"href":"https:\/\/tonspuren.org\/index.php?rest_route=\/wp\/v2\/pages\/331","targetHints":{"allow":["GET"]}}],"collection":[{"href":"https:\/\/tonspuren.org\/index.php?rest_route=\/wp\/v2\/pages"}],"about":[{"href":"https:\/\/tonspuren.org\/index.php?rest_route=\/wp\/v2\/types\/page"}],"author":[{"embeddable":true,"href":"https:\/\/tonspuren.org\/index.php?rest_route=\/wp\/v2\/users\/1"}],"replies":[{"embeddable":true,"href":"https:\/\/tonspuren.org\/index.php?rest_route=%2Fwp%2Fv2%2Fcomments&post=331"}],"version-history":[{"count":19,"href":"https:\/\/tonspuren.org\/index.php?rest_route=\/wp\/v2\/pages\/331\/revisions"}],"predecessor-version":[{"id":2026,"href":"https:\/\/tonspuren.org\/index.php?rest_route=\/wp\/v2\/pages\/331\/revisions\/2026"}],"wp:attachment":[{"href":"https:\/\/tonspuren.org\/index.php?rest_route=%2Fwp%2Fv2%2Fmedia&parent=331"}],"curies":[{"name":"wp","href":"https:\/\/api.w.org\/{rel}","templated":true}]}}

<div data-elementor-type="wp-page" data-elementor-id="331" class="elementor elementor-331">
				<div class="elementor-element elementor-element-b1078ba e-flex e-con-boxed e-con e-parent" data-id="b1078ba" data-element_type="container" data-e-type="container">
					<div class="e-con-inner">
		<div class="elementor-element elementor-element-7df59c7 e-con-full e-flex e-con e-child" data-id="7df59c7" data-element_type="container" data-e-type="container">
				<div class="elementor-element elementor-element-4d771f4 elementor-widget elementor-widget-image" data-id="4d771f4" data-element_type="widget" data-e-type="widget" data-widget_type="image.default">
				<div class="elementor-widget-container">
															<img fetchpriority="high" decoding="async" width="620" height="351" src="https://tonspuren.org/wp-content/uploads/2024/05/Otto-Lechner.webp" class="attachment-large size-large wp-image-81" alt="" srcset="https://tonspuren.org/wp-content/uploads/2024/05/Otto-Lechner.webp 620w, https://tonspuren.org/wp-content/uploads/2024/05/Otto-Lechner-300x170.webp 300w" sizes="(max-width: 620px) 100vw, 620px" />															</div>
				</div>
				</div>
		<div class="elementor-element elementor-element-af56d6c e-con-full e-flex e-con e-child" data-id="af56d6c" data-element_type="container" data-e-type="container">
				<div class="elementor-element elementor-element-3cd8e8ca elementor-widget__width-initial elementor-widget elementor-widget-text-editor" data-id="3cd8e8ca" data-element_type="widget" data-e-type="widget" data-widget_type="text-editor.default">
				<div class="elementor-widget-container">
									<p></p>
<p><span style="color: #ffffff;">Otto Lechner, &#8222;BLUE&#8220; mit&nbsp;</span><span style="font-family: Calibri, sans-serif; font-size: 12pt; color: var( --e-global-color-text ); font-weight: var( --e-global-typography-text-font-weight ); text-align: var(--text-align);">Georg Graf am Saxophon und Andi Hadl am Kontrabass.<br></span><span style="color: #ffffff; font-family: var( --e-global-typography-text-font-family ), Sans-serif; font-weight: var( --e-global-typography-text-font-weight ); text-align: var(--text-align);">Er revolutioniert das Image des Akkordeons mit seinen experimentellen und einzigartigen Kompositionen. Als leidenschaftlicher Musiker lebt er für sein Instrument und hat sich einen Ruf für manchmal verrückte Kreationen erworben. Seine Musik zeichnet sich durch ländliche Stimmungen aus, die scheinbar verloren gegangen sind, und nimmt die Hörer mit auf eine Reise zu unbekannten Orten, begleitet von einem vertrauten Gefühl.</span></p>
<p><span style="color: #ffffff;"></span></p>
<p><span style="color: #ffffff;">Sein Spiel verwandelt die Ziehharmonika in einen magischen Kasten mit entrückenden Resonanzen. Von Glass-inspirierten Melodien bis zu monumentalen Tonfolgen, von chassidischen Walzern bis zu jazzigen Wienerliedern.<br>Lechner schafft eine untrennbare Verbindung zwischen Stimme und Klang seines Instruments. <br>Der Standard beschreibt diese Fusion als eine unverwechselbare Verschmelzung von Stimme und Klang, die die Ziehharmonika in einen zauberhaften Resonanzkörper verwandelt.</span></p>
<p></p>								</div>
				</div>
				</div>
					</div>
				</div>
				</div>

<!-- This site is optimized with the Yoast SEO plugin v27.5 - https://yoast.com/product/yoast-seo-wordpress/ -->
<title>Otto Lechner &amp; Friends - TONSPUREN 2026</title>
<meta name="robots" content="index, follow, max-snippet:-1, max-image-preview:large, max-video-preview:-1" />
<link rel="canonical" href="https://tonspuren.org/?page_id=331" />
<meta property="og:locale" content="de_DE" />
<meta property="og:type" content="article" />
<meta property="og:title" content="Otto Lechner &amp; Friends - TONSPUREN 2026" />
<meta property="og:description" content="Otto Lechner, &#8222;BLUE&#8220; mit&nbsp;Georg Graf am Saxophon und Andi Hadl am Kontrabass.Er revolutioniert das Image des Akkordeons mit seinen." />
<meta property="og:url" content="https://tonspuren.org/?page_id=331" />
<meta property="og:site_name" content="TONSPUREN 2026" />
<meta property="article:publisher" content="https://www.facebook.com/profile.php?id=61550600819924&amp;locale=de_DE" />
<meta property="article:modified_time" content="2024-07-17T09:24:04+00:00" />
<meta property="og:image" content="https://tonspuren.org/wp-content/uploads/2024/05/Otto-Lechner.webp" />
<meta name="twitter:card" content="summary_large_image" />
<meta name="twitter:label1" content="Geschätzte Lesezeit" />
	<meta name="twitter:data1" content="1 Minute" />
<script type="application/ld+json" class="yoast-schema-graph">{"@context":"https:\/\/schema.org","@graph":[{"@type":"WebPage","@id":"https:\/\/tonspuren.org\/?page_id=331","url":"https:\/\/tonspuren.org\/?page_id=331","name":"Otto Lechner &amp; Friends - TONSPUREN 2026","isPartOf":{"@id":"https:\/\/tonspuren.org\/#website"},"primaryImageOfPage":{"@id":"https:\/\/tonspuren.org\/?page_id=331#primaryimage"},"image":{"@id":"https:\/\/tonspuren.org\/?page_id=331#primaryimage"},"thumbnailUrl":"https:\/\/tonspuren.org\/wp-content\/uploads\/2024\/05\/Otto-Lechner.webp","datePublished":"2024-05-11T10:56:04+00:00","dateModified":"2024-07-17T09:24:04+00:00","breadcrumb":{"@id":"https:\/\/tonspuren.org\/?page_id=331#breadcrumb"},"inLanguage":"de-AT","potentialAction":[{"@type":"ReadAction","target":["https:\/\/tonspuren.org\/?page_id=331"]}]},{"@type":"ImageObject","inLanguage":"de-AT","@id":"https:\/\/tonspuren.org\/?page_id=331#primaryimage","url":"https:\/\/tonspuren.org\/wp-content\/uploads\/2024\/05\/Otto-Lechner.webp","contentUrl":"https:\/\/tonspuren.org\/wp-content\/uploads\/2024\/05\/Otto-Lechner.webp","width":620,"height":351},{"@type":"BreadcrumbList","@id":"https:\/\/tonspuren.org\/?page_id=331#breadcrumb","itemListElement":[{"@type":"ListItem","position":1,"name":"Startseite","item":"https:\/\/tonspuren.org\/"},{"@type":"ListItem","position":2,"name":"Otto Lechner &amp; Friends"}]},{"@type":"WebSite","@id":"https:\/\/tonspuren.org\/#website","url":"https:\/\/tonspuren.org\/","name":"TONSPUREN 2024","description":"Verein zur Förderung von Kunst und Kultur","publisher":{"@id":"https:\/\/tonspuren.org\/#organization"},"potentialAction":[{"@type":"SearchAction","target":{"@type":"EntryPoint","urlTemplate":"https:\/\/tonspuren.org\/?s={search_term_string}"},"query-input":{"@type":"PropertyValueSpecification","valueRequired":true,"valueName":"search_term_string"}}],"inLanguage":"de-AT"},{"@type":"Organization","@id":"https:\/\/tonspuren.org\/#organization","name":"TONSPUREN 2024","url":"https:\/\/tonspuren.org\/","logo":{"@type":"ImageObject","inLanguage":"de-AT","@id":"https:\/\/tonspuren.org\/#\/schema\/logo\/image\/","url":"https:\/\/tonspuren.org\/wp-content\/uploads\/2024\/05\/Dein-Abschnittstext.png","contentUrl":"https:\/\/tonspuren.org\/wp-content\/uploads\/2024\/05\/Dein-Abschnittstext.png","width":1748,"height":1240,"caption":"TONSPUREN 2024"},"image":{"@id":"https:\/\/tonspuren.org\/#\/schema\/logo\/image\/"},"sameAs":["https:\/\/www.facebook.com\/profile.php?id=61550600819924&locale=de_DE"]}]}</script>
<!-- / Yoast SEO plugin. -->

Verein zur Förderung von Kunst und Kultur
