{"id":250,"date":"2024-05-10T11:07:33","date_gmt":"2024-05-10T11:07:33","guid":{"rendered":"https:\/\/tonspuren.org\/?page_id=250"},"modified":"2024-05-20T16:13:18","modified_gmt":"2024-05-20T16:13:18","slug":"trio-lepschi-2","status":"publish","type":"page","link":"https:\/\/tonspuren.org\/?page_id=250","title":{"rendered":"Trio Lepschi"},"content":{"rendered":"\t\t<div data-elementor-type=\"wp-page\" data-elementor-id=\"250\" class=\"elementor elementor-250\">\n\t\t\t\t<div class=\"elementor-element elementor-element-12605d8 e-flex e-con-boxed e-con e-parent\" data-id=\"12605d8\" data-element_type=\"container\" data-e-type=\"container\">\n\t\t\t\t\t<div class=\"e-con-inner\">\n\t\t<div class=\"elementor-element elementor-element-83733ec e-con-full e-flex e-con e-child\" data-id=\"83733ec\" data-element_type=\"container\" data-e-type=\"container\">\n\t\t\t\t<div class=\"elementor-element elementor-element-cd31953 elementor-widget elementor-widget-image\" data-id=\"cd31953\" data-element_type=\"widget\" data-e-type=\"widget\" data-widget_type=\"image.default\">\n\t\t\t\t<div class=\"elementor-widget-container\">\n\t\t\t\t\t\t\t\t\t\t\t\t\t\t\t<img fetchpriority=\"high\" decoding=\"async\" width=\"1024\" height=\"598\" src=\"https:\/\/tonspuren.org\/wp-content\/uploads\/2024\/05\/Trio-Lepschi_Foto_-Julia-Maetzl-1-1024x598.jpg\" class=\"attachment-large size-large wp-image-268\" alt=\"\" srcset=\"https:\/\/tonspuren.org\/wp-content\/uploads\/2024\/05\/Trio-Lepschi_Foto_-Julia-Maetzl-1-1024x598.jpg 1024w, https:\/\/tonspuren.org\/wp-content\/uploads\/2024\/05\/Trio-Lepschi_Foto_-Julia-Maetzl-1-300x175.jpg 300w, https:\/\/tonspuren.org\/wp-content\/uploads\/2024\/05\/Trio-Lepschi_Foto_-Julia-Maetzl-1-768x448.jpg 768w, https:\/\/tonspuren.org\/wp-content\/uploads\/2024\/05\/Trio-Lepschi_Foto_-Julia-Maetzl-1.jpg 1417w\" sizes=\"(max-width: 1024px) 100vw, 1024px\" \/>\t\t\t\t\t\t\t\t\t\t\t\t\t\t\t<\/div>\n\t\t\t\t<\/div>\n\t\t\t\t<\/div>\n\t\t<div class=\"elementor-element elementor-element-d3e5f08 e-con-full e-flex e-con e-child\" data-id=\"d3e5f08\" data-element_type=\"container\" data-e-type=\"container\">\n\t\t\t\t<div class=\"elementor-element elementor-element-326bc7d4 elementor-widget elementor-widget-text-editor\" data-id=\"326bc7d4\" data-element_type=\"widget\" data-e-type=\"widget\" data-widget_type=\"text-editor.default\">\n\t\t\t\t<div class=\"elementor-widget-container\">\n\t\t\t\t\t\t\t\t\t<p><\/p>\n<p><span style=\"color: #ffffff;\">Politisch inkorrekt wie eh und je verschmilzt das Trio Lepschi <br \/>seine in der Wienerliedtradition\u00a0<\/span><span style=\"color: #ffffff;\">verfassten Sch\u00fcttelreime mit Tango, Blues, Country, Bossa Nova, Klezmer,\u00a0<\/span><span style=\"color: #ffffff;\">Chanson oder Jazz \u2013 saukomisch und hundsordin\u00e4r!<\/span><br \/><span style=\"color: #ffffff;\">Damit stehen sie endg\u00fcltig in der b\u00f6sschwarzen Wienerliedtradition <br \/>von H. C. Artmann,\u00a0<\/span><span style=\"color: #ffffff;\">Kurt Sowinetz oder Helmut Qualtinger.<\/span><br \/><span style=\"color: #ffffff;\">Keiner dieser drei kann alles, aber alle k\u00f6nnen eins: <br \/>aus Musik und Texten einen raffinierten\u00a0<\/span><span style=\"color: #ffffff;\">Cocktail komponieren, der gleicherma\u00dfen r\u00fchrt und sch\u00fcttelt.<\/span><br \/><span style=\"color: #ffffff;\">Stefan Slupetzky (Texte, Gesang, S\u00e4ge),<\/span><br \/><span style=\"color: #ffffff;\">Martin Zrost (Komposition, Arrangement, Gesang, Gitarre, Klarinetten),<\/span><br \/><span style=\"color: #ffffff;\">Michael Kunz (Gesang, Gitarre, Nasenfl\u00f6te)<\/span><\/p>\n<p><\/p>\t\t\t\t\t\t\t\t<\/div>\n\t\t\t\t<\/div>\n\t\t\t\t<\/div>\n\t\t\t\t\t<\/div>\n\t\t\t\t<\/div>\n\t\t\t\t<\/div>\n\t\t","protected":false},"excerpt":{"rendered":"<p>Politisch inkorrekt wie eh und je verschmilzt das Trio Lepschi seine in der Wienerliedtradition\u00a0verfassten Sch\u00fcttelreime mit Tango, Blues, Country,.<\/p>\n","protected":false},"author":1,"featured_media":0,"parent":0,"menu_order":0,"comment_status":"closed","ping_status":"closed","template":"","meta":{"footnotes":""},"class_list":["post-250","page","type-page","status-publish","hentry"],"yoast_head":"<!-- This site is optimized with the Yoast SEO plugin v27.4 - https:\/\/yoast.com\/product\/yoast-seo-wordpress\/ -->\n<title>Trio Lepschi - TONSPUREN 2026<\/title>\n<meta name=\"robots\" content=\"index, follow, max-snippet:-1, max-image-preview:large, max-video-preview:-1\" \/>\n<link rel=\"canonical\" href=\"https:\/\/tonspuren.org\/?page_id=250\" \/>\n<meta property=\"og:locale\" content=\"de_DE\" \/>\n<meta property=\"og:type\" content=\"article\" \/>\n<meta property=\"og:title\" content=\"Trio Lepschi - TONSPUREN 2026\" \/>\n<meta property=\"og:description\" content=\"Politisch inkorrekt wie eh und je verschmilzt das Trio Lepschi seine in der Wienerliedtradition\u00a0verfassten Sch\u00fcttelreime mit Tango, Blues, Country,.\" \/>\n<meta property=\"og:url\" content=\"https:\/\/tonspuren.org\/?page_id=250\" \/>\n<meta property=\"og:site_name\" content=\"TONSPUREN 2026\" \/>\n<meta property=\"article:publisher\" content=\"https:\/\/www.facebook.com\/profile.php?id=61550600819924&amp;locale=de_DE\" \/>\n<meta property=\"article:modified_time\" content=\"2024-05-20T16:13:18+00:00\" \/>\n<meta property=\"og:image\" content=\"https:\/\/tonspuren.org\/wp-content\/uploads\/2024\/05\/Trio-Lepschi_Foto_-Julia-Maetzl-1-1024x598.jpg\" \/>\n<meta name=\"twitter:card\" content=\"summary_large_image\" \/>\n<script type=\"application\/ld+json\" class=\"yoast-schema-graph\">{\"@context\":\"https:\\\/\\\/schema.org\",\"@graph\":[{\"@type\":\"WebPage\",\"@id\":\"https:\\\/\\\/tonspuren.org\\\/?page_id=250\",\"url\":\"https:\\\/\\\/tonspuren.org\\\/?page_id=250\",\"name\":\"Trio Lepschi - TONSPUREN 2026\",\"isPartOf\":{\"@id\":\"https:\\\/\\\/tonspuren.org\\\/#website\"},\"primaryImageOfPage\":{\"@id\":\"https:\\\/\\\/tonspuren.org\\\/?page_id=250#primaryimage\"},\"image\":{\"@id\":\"https:\\\/\\\/tonspuren.org\\\/?page_id=250#primaryimage\"},\"thumbnailUrl\":\"https:\\\/\\\/tonspuren.org\\\/wp-content\\\/uploads\\\/2024\\\/05\\\/Trio-Lepschi_Foto_-Julia-Maetzl-1-1024x598.jpg\",\"datePublished\":\"2024-05-10T11:07:33+00:00\",\"dateModified\":\"2024-05-20T16:13:18+00:00\",\"breadcrumb\":{\"@id\":\"https:\\\/\\\/tonspuren.org\\\/?page_id=250#breadcrumb\"},\"inLanguage\":\"de-AT\",\"potentialAction\":[{\"@type\":\"ReadAction\",\"target\":[\"https:\\\/\\\/tonspuren.org\\\/?page_id=250\"]}]},{\"@type\":\"ImageObject\",\"inLanguage\":\"de-AT\",\"@id\":\"https:\\\/\\\/tonspuren.org\\\/?page_id=250#primaryimage\",\"url\":\"https:\\\/\\\/tonspuren.org\\\/wp-content\\\/uploads\\\/2024\\\/05\\\/Trio-Lepschi_Foto_-Julia-Maetzl-1.jpg\",\"contentUrl\":\"https:\\\/\\\/tonspuren.org\\\/wp-content\\\/uploads\\\/2024\\\/05\\\/Trio-Lepschi_Foto_-Julia-Maetzl-1.jpg\",\"width\":1417,\"height\":827},{\"@type\":\"BreadcrumbList\",\"@id\":\"https:\\\/\\\/tonspuren.org\\\/?page_id=250#breadcrumb\",\"itemListElement\":[{\"@type\":\"ListItem\",\"position\":1,\"name\":\"Startseite\",\"item\":\"https:\\\/\\\/tonspuren.org\\\/\"},{\"@type\":\"ListItem\",\"position\":2,\"name\":\"Trio Lepschi\"}]},{\"@type\":\"WebSite\",\"@id\":\"https:\\\/\\\/tonspuren.org\\\/#website\",\"url\":\"https:\\\/\\\/tonspuren.org\\\/\",\"name\":\"TONSPUREN 2024\",\"description\":\"Verein zur F\u00f6rderung von Kunst und Kultur\",\"publisher\":{\"@id\":\"https:\\\/\\\/tonspuren.org\\\/#organization\"},\"potentialAction\":[{\"@type\":\"SearchAction\",\"target\":{\"@type\":\"EntryPoint\",\"urlTemplate\":\"https:\\\/\\\/tonspuren.org\\\/?s={search_term_string}\"},\"query-input\":{\"@type\":\"PropertyValueSpecification\",\"valueRequired\":true,\"valueName\":\"search_term_string\"}}],\"inLanguage\":\"de-AT\"},{\"@type\":\"Organization\",\"@id\":\"https:\\\/\\\/tonspuren.org\\\/#organization\",\"name\":\"TONSPUREN 2024\",\"url\":\"https:\\\/\\\/tonspuren.org\\\/\",\"logo\":{\"@type\":\"ImageObject\",\"inLanguage\":\"de-AT\",\"@id\":\"https:\\\/\\\/tonspuren.org\\\/#\\\/schema\\\/logo\\\/image\\\/\",\"url\":\"https:\\\/\\\/tonspuren.org\\\/wp-content\\\/uploads\\\/2024\\\/05\\\/Dein-Abschnittstext.png\",\"contentUrl\":\"https:\\\/\\\/tonspuren.org\\\/wp-content\\\/uploads\\\/2024\\\/05\\\/Dein-Abschnittstext.png\",\"width\":1748,\"height\":1240,\"caption\":\"TONSPUREN 2024\"},\"image\":{\"@id\":\"https:\\\/\\\/tonspuren.org\\\/#\\\/schema\\\/logo\\\/image\\\/\"},\"sameAs\":[\"https:\\\/\\\/www.facebook.com\\\/profile.php?id=61550600819924&locale=de_DE\"]}]}<\/script>\n<!-- \/ Yoast SEO plugin. -->","yoast_head_json":{"title":"Trio Lepschi - TONSPUREN 2026","robots":{"index":"index","follow":"follow","max-snippet":"max-snippet:-1","max-image-preview":"max-image-preview:large","max-video-preview":"max-video-preview:-1"},"canonical":"https:\/\/tonspuren.org\/?page_id=250","og_locale":"de_DE","og_type":"article","og_title":"Trio Lepschi - TONSPUREN 2026","og_description":"Politisch inkorrekt wie eh und je verschmilzt das Trio Lepschi seine in der Wienerliedtradition\u00a0verfassten Sch\u00fcttelreime mit Tango, Blues, Country,.","og_url":"https:\/\/tonspuren.org\/?page_id=250","og_site_name":"TONSPUREN 2026","article_publisher":"https:\/\/www.facebook.com\/profile.php?id=61550600819924&locale=de_DE","article_modified_time":"2024-05-20T16:13:18+00:00","og_image":[{"url":"https:\/\/tonspuren.org\/wp-content\/uploads\/2024\/05\/Trio-Lepschi_Foto_-Julia-Maetzl-1-1024x598.jpg","type":"","width":"","height":""}],"twitter_card":"summary_large_image","schema":{"@context":"https:\/\/schema.org","@graph":[{"@type":"WebPage","@id":"https:\/\/tonspuren.org\/?page_id=250","url":"https:\/\/tonspuren.org\/?page_id=250","name":"Trio Lepschi - TONSPUREN 2026","isPartOf":{"@id":"https:\/\/tonspuren.org\/#website"},"primaryImageOfPage":{"@id":"https:\/\/tonspuren.org\/?page_id=250#primaryimage"},"image":{"@id":"https:\/\/tonspuren.org\/?page_id=250#primaryimage"},"thumbnailUrl":"https:\/\/tonspuren.org\/wp-content\/uploads\/2024\/05\/Trio-Lepschi_Foto_-Julia-Maetzl-1-1024x598.jpg","datePublished":"2024-05-10T11:07:33+00:00","dateModified":"2024-05-20T16:13:18+00:00","breadcrumb":{"@id":"https:\/\/tonspuren.org\/?page_id=250#breadcrumb"},"inLanguage":"de-AT","potentialAction":[{"@type":"ReadAction","target":["https:\/\/tonspuren.org\/?page_id=250"]}]},{"@type":"ImageObject","inLanguage":"de-AT","@id":"https:\/\/tonspuren.org\/?page_id=250#primaryimage","url":"https:\/\/tonspuren.org\/wp-content\/uploads\/2024\/05\/Trio-Lepschi_Foto_-Julia-Maetzl-1.jpg","contentUrl":"https:\/\/tonspuren.org\/wp-content\/uploads\/2024\/05\/Trio-Lepschi_Foto_-Julia-Maetzl-1.jpg","width":1417,"height":827},{"@type":"BreadcrumbList","@id":"https:\/\/tonspuren.org\/?page_id=250#breadcrumb","itemListElement":[{"@type":"ListItem","position":1,"name":"Startseite","item":"https:\/\/tonspuren.org\/"},{"@type":"ListItem","position":2,"name":"Trio Lepschi"}]},{"@type":"WebSite","@id":"https:\/\/tonspuren.org\/#website","url":"https:\/\/tonspuren.org\/","name":"TONSPUREN 2024","description":"Verein zur F\u00f6rderung von Kunst und Kultur","publisher":{"@id":"https:\/\/tonspuren.org\/#organization"},"potentialAction":[{"@type":"SearchAction","target":{"@type":"EntryPoint","urlTemplate":"https:\/\/tonspuren.org\/?s={search_term_string}"},"query-input":{"@type":"PropertyValueSpecification","valueRequired":true,"valueName":"search_term_string"}}],"inLanguage":"de-AT"},{"@type":"Organization","@id":"https:\/\/tonspuren.org\/#organization","name":"TONSPUREN 2024","url":"https:\/\/tonspuren.org\/","logo":{"@type":"ImageObject","inLanguage":"de-AT","@id":"https:\/\/tonspuren.org\/#\/schema\/logo\/image\/","url":"https:\/\/tonspuren.org\/wp-content\/uploads\/2024\/05\/Dein-Abschnittstext.png","contentUrl":"https:\/\/tonspuren.org\/wp-content\/uploads\/2024\/05\/Dein-Abschnittstext.png","width":1748,"height":1240,"caption":"TONSPUREN 2024"},"image":{"@id":"https:\/\/tonspuren.org\/#\/schema\/logo\/image\/"},"sameAs":["https:\/\/www.facebook.com\/profile.php?id=61550600819924&locale=de_DE"]}]}},"_links":{"self":[{"href":"https:\/\/tonspuren.org\/index.php?rest_route=\/wp\/v2\/pages\/250","targetHints":{"allow":["GET"]}}],"collection":[{"href":"https:\/\/tonspuren.org\/index.php?rest_route=\/wp\/v2\/pages"}],"about":[{"href":"https:\/\/tonspuren.org\/index.php?rest_route=\/wp\/v2\/types\/page"}],"author":[{"embeddable":true,"href":"https:\/\/tonspuren.org\/index.php?rest_route=\/wp\/v2\/users\/1"}],"replies":[{"embeddable":true,"href":"https:\/\/tonspuren.org\/index.php?rest_route=%2Fwp%2Fv2%2Fcomments&post=250"}],"version-history":[{"count":29,"href":"https:\/\/tonspuren.org\/index.php?rest_route=\/wp\/v2\/pages\/250\/revisions"}],"predecessor-version":[{"id":878,"href":"https:\/\/tonspuren.org\/index.php?rest_route=\/wp\/v2\/pages\/250\/revisions\/878"}],"wp:attachment":[{"href":"https:\/\/tonspuren.org\/index.php?rest_route=%2Fwp%2Fv2%2Fmedia&parent=250"}],"curies":[{"name":"wp","href":"https:\/\/api.w.org\/{rel}","templated":true}]}}